ltiple of 53?
False
Is 110 a factor of 12443?
False
Is 3733 a multiple of 24?
False
Is 7 a factor of 266?
True
Does 4 divide 2209?
False
Does 7 divide 56?
True
Does 91 divide 19201?
True
Does 175 divide 67452?
False
Does 164 divide 16052?
False
Does 23 divide 2484?
True
Does 117 divide 2367?
False
Is 4123 a multiple of 7?
True
Does 23 divide 299?
True
Does 104 divide 1604?
False
Is 186 a factor of 17672?
False
Is 37 a factor of 300?
False
Does 18 divide 19216?
False
Is 11 a factor of 9306?
True
Is 15492 a multiple of 6?
True
Does 86 divide 48614?
False
Is 78 a factor of 4454?
False
Is 9 a factor of 351?
True
Is 17608 a multiple of 28?
False
Is 17424 a multiple of 12?
True
Is 9 a factor of 123?
False
Is 29115 a multiple of 253?
False
Does 19 divide 2734?
False
Is 183 a multiple of 2?
False
Is 40 a factor of 3312?
False
Is 56 a factor of 15568?
True
Is 3164 a multiple of 74?
False
Is 4 a factor of 3276?
True
Is 4 a factor of 412?
True
Is 43 a factor of 524?
False
Is 1083 a multiple of 7?
False
Is 2560 a multiple of 80?
True
Is 356 a multiple of 89?
True
Does 39 divide 585?
True
Does 2 divide 17?
False
Is 22287 a multiple of 13?
False
Is 6 a factor of 2724?
True
Does 240 divide 141179?
False
Does 2 divide 7210?
True
Is 13 a factor of 36140?
True
Is 7 a factor of 4704?
True
Does 18 divide 55476?
True
Is 8944 a multiple of 86?
True
Is 304 a multiple of 16?
True
Is 36853 a multiple of 7?
False
Is 12 a factor of 241?
False
Does 17 divide 371?
False
Is 385 a multiple of 15?
False
Is 72 a factor of 2531?
False
Is 54 a factor of 4911?
False
Is 35 a factor of 5415?
False
Does 6 divide 1745?
False
Is 22008 a multiple of 28?
True
Is 1064 a multiple of 2?
True
Is 3 a factor of 66?
True
Is 132 a multiple of 24?
False
Is 424 a multiple of 6?
False
Does 24 divide 22461?
False
Is 756 a multiple of 33?
False
Is 20 a factor of 60820?
True
Is 7361 a multiple of 17?
True
Is 118 a factor of 118692?
False
Is 11 a factor of 630?
False
Is 5458 a multiple of 13?
False
Does 63 divide 504?
True
Is 10 a factor of 4333?
False
Is 3171 a multiple of 21?
True
Does 5 divide 25482?
False
Does 10 divide 8610?
True
Is 6536 a multiple of 19?
True
Is 352 a multiple of 44?
True
Does 46 divide 599?
False
Is 86 a factor of 753?
False
Is 3050 a multiple of 10?
True
Does 54 divide 7884?
True
Is 25102 a multiple of 3?
False
Is 7 a factor of 343?
True
Is 1933 a multiple of 10?
False
Does 11 divide 13366?
False
Does 8 divide 1310?
False
Does 3 divide 3270?
True
Is 3688 a multiple of 18?
False
Does 2 divide 32?
True
Does 3 divide 176?
False
Is 443 a multiple of 27?
False
Does 127 divide 2286?
True
Does 15 divide 30?
True
Does 44 divide 3608?
True
Is 11503 a multiple of 72?
False
Is 2580 a multiple of 43?
True
Does 13 divide 1959?
False
Does 26 divide 11440?
True
Is 11 a factor of 3716?
False
Is 3 a factor of 939?
True
Does 70 divide 10417?
False
Does 10 divide 465?
False
Does 60 divide 1320?
True
Is 40378 a multiple of 29?
False
Is 8568 a multiple of 14?
True
Is 11 a factor of 135?
False
Is 14130 a multiple of 15?
True
Is 588 a multiple of 19?
False
Does 6 divide 3093?
False
Is 6360 a multiple of 43?
False
Is 57 a factor of 48116?
False
Is 6 a factor of 68?
False
Is 86 a factor of 20124?
True
Does 10 divide 160?
True
Is 1350 a multiple of 15?
True
Is 388 a factor of 62856?
True
Is 380 a multiple of 20?
True
Is 14 a factor of 3332?
True
Is 5 a factor of 1624?
False
Is 5 a factor of 7750?
True
Is 22029 a multiple of 108?
False
Is 5825 a multiple of 72?
False
Is 2752 a multiple of 64?
True
Is 3028 a multiple of 16?
False
Is 59 a factor of 1067?
False
Does 16 divide 32576?
True
Does 158 divide 24638?
False
Does 106 divide 376?
False
Is 4 a factor of 204?
True
Does 23 divide 18827?
False
Is 33495 a multiple of 319?
True
Is 128 a factor of 1408?
True
Is 196 a factor of 85064?
True
Does 55 divide 52635?
True
Does 4 divide 3976?
True
Is 4 a factor of 72?
True
Is 6272 a multiple of 14?
True
Is 1334 a multiple of 10?
False
Is 2 a factor of 57?
False
Is 924 a multiple of 28?
True
Is 31360 a multiple of 112?
True
Is 735 a multiple of 57?
False
Is 504 a multiple of 6?
True
Is 54 a factor of 270?
True
Is 88 a factor of 1848?
True
Does 9 divide 2205?
True
Does 5 divide 225?
True
Is 62 a factor of 956?
False
Is 3600 a multiple of 40?
True
Does 19 divide 2310?
False
Is 861 a multiple of 7?
True
Is 3497 a multiple of 13?
True
Is 15 a factor of 4114?
False
Is 14 a factor of 308?
True
Is 572 a multiple of 3?
False
Is 8 a factor of 883?
False
Does 60 divide 59731?
False
Is 62 a factor of 14384?
True
Is 21 a factor of 567?
True
Is 71079 a multiple of 29?
True
Is 23 a multiple of 16?
False
Does 4 divide 127?
False
Is 17 a factor of 24854?
True
Does 74 divide 2545?
False
Does 33 divide 8646?
True
Is 7 a factor of 332?
False
Is 1630 a multiple of 99?
False
Is 5 a factor of 1142?
False
Is 1206 a multiple of 6?
True
Is 19584 a multiple of 24?
True
Does 125 divide 25125?
True
Is 1524 a multiple of 12?
True
Does 14 divide 2496?
False
Is 50 a factor of 150?
True
Is 212 a multiple of 30?
False
Does 4 divide 834?
False
Does 2 divide 674?
True
Is 3 a factor of 7818?
True
Is 471 a multiple of 21?
False
Is 32174 a multiple of 125?
False
Is 2752 a multiple of 77?
False
Does 17 divide 7531?
True
Is 14 a factor of 24805?
False
Does 60 divide 16276?
False
Does 21 divide 6888?
True
Is 1080 a multiple of 60?
True
Does 8 divide 431?
False
Does 13 divide 1300?
True
Is 5966 a multiple of 85?
False
Is 133 a factor of 11704?
True
Is 47 a factor of 5977?
False
Is 288 a multiple of 18?
True
Does 17 divide 5860?
False
Is 43 a factor of 86129?
True
Is 72 a factor of 144?
True
Is 6 a factor of 1119?
False
Does 6 divide 426?
True
Is 9690 a multiple of 6?
True
Does 97 divide 22116?
True
Is 694 a multiple of 6?
False
Does 18 divide 1555?
False
Is 11 a factor of 66?
True
Does 4 divide 7760?
True
Is 1971 a multiple of 12?
False
Is 7 a factor of 25?
False
Is 14 a factor of 46927?
False
Does 6 divide 6289?
False
Does 75 divide 21508?
False
Is 15 a factor of 6602?
False
Does 28 divide 386?
False
Is 64 a factor of 2588?
False
Is 15 a factor of 720?
True
Is 15 a factor of 7965?
True
Does 10 divide 3401?
False
Does 11 divide 451?
True
Is 2208 a multiple of 69?
True
Is 13 a factor of 520?
True
Is 3 a factor of 19?
False
Is 9303 a multiple of 21?
True
Is 15 a factor of 363?
False
Does 10 divide 484?
False
Is 2340 a multiple of 20?
True
Does 131 divide 12342?
False
Does 32 divide 31328?
True
Is 29 a factor of 995?
False
Is 96 a factor of 576?
True
Does 49 divide 1426?
False
Is 3234 a multiple of 14?
True
Does 8 divide 14728?
True
Does 66 divide 3279?
False
Is 3273 a multiple of 49?
False
Does 12 divide 3458?
False
Is 42 a factor of 4461?
False
Is 1672 a multiple of 152?
True
Is 1097 a multiple of 26?
False
Is 11 a factor of 1045?
True
Is 1793 a multiple of 11?
True
Is 8 a factor of 256?
True
Is 32994 a multiple of 47?
True
Is 105 a factor of 51047?
False
Is 42 a factor of 1386?
True
Is 16 a factor of 9192?
False
Does 42 divide 59311?
False
Is 22 a factor of 1628?
True
Is 828 a multiple of 92?
True
Is 666 a multiple of 37?
True
Does 24 divide 47?
False
Is 21 a factor of 661?
False
Is 2721 a multiple of 84?
False
Is 44 a factor of 46208?
False
Is 38 a factor of 711?
False
Is 9965 a multiple of 41?
False
Is 2 a factor of 5?
False
Does 33 divide 2832?
False
Is 475 a multiple of 25?
True
Does 181 divide 3370?
False
Does 10 divide 610?
True
Is 66 a factor of 22258?
False
Is 1073 a multiple of 29?
True
Is 1640 a multiple of 82?
True
Does 13 divide 2314?
True
Does 6 divide 143?
False
Is 22 a factor of 32626?
True
Is 540 a multiple of 3?
True
Does 93 divide 2102?
False
Does 2 divide 143?
False
Is 81 a multiple of 4?
False
Is 486 a multiple of 19?
False
Does 104 divide 1144?
True
Is 3 a factor of 321?
True
Is 17 a factor of 35962?
False
Does 14 divide 1162?
True
Is 18 a factor of 17964?
True
Does 45 divide 2475?
True
Is 54 a factor of 82326?
False
Is 4789 a multiple of 38?
False
Is 12232 a multiple of 11?
True
Is 14 a factor of 2090?
False
Is 4 a factor of 367?
False
Does 15 divide 810?
True
Is 810 a multiple of 36?
False
Is 9 a factor of 151?
False
Is 2829 a multiple of 23?
True
Is 12883 a multiple of 13?
True
Is 25 a factor of 1425?
True
Is 13 a factor of 82